Let i(s) = -4*s - 1. Let p = 2 - 0. Give i(p).
-9
Suppose 2*h + 10 = 3*j, -3*h + 2*h - 5*j = -8. Let w(v) = v**2 - v - 2. What is w(h)?
4
Let z(f) = f**2 + 2*f + 1. Let y(l) = l. Let h(s) = -3*y(s) + z(s). Give h(1).
1
Suppose -k + 9 = 3*d - 2*k, 0 = -d - 5*k - 13. Let s(x) = -2*x**2 + x + 3*x**d + 1 - 2. Let y(h) = h**3 - 6*h**2 + 3*h + 7. Let g be y(5). Give s(g).
5
Suppose 4*d + 3*d + 35 = 0. Let b(h) = 6*h**2 + 5*h**2 - 3*h**2 - 3*h**2 + h**3 + h + 6. What is b(d)?
1
Let d = 1 - -2. Suppose d*w + c - 9 = 0, 0 = -3*w - 3*c - 9 + 24. Let l(m) be the second derivative of 5*m**3/6 - 4*m. Give l(w).
10
Suppose 6 = 3*g - m - 5, 0 = -g - 3*m - 13. Let t be g/8 + 5/(-4). Let x(n) = -2*n - 4 + n + 5. Determine x(t).
2
Let m(d) be the third derivative of 1/3*d**3 + 1/12*d**4 + 0*d + 7*d**2 + 0. Give m(-4).
-6
Let b(l) = -l**2 - 6*l. Let j = 0 - -4. Let t be (j/3)/(2/3). Let d be t/((-4)/10 + 0). Determine b(d).
5
Let w(p) = p**2 + 9*p + 11. Let s be w(-8). Suppose 0*a + 15 = s*a. Let y(j) = j**2 - 5*j - 4. Determine y(a).
-4
Let a = 1 - 3. Let y(f) = -f**3 + 9*f**2 - 2*f + 7. Let g(w) = -4*w**2 + w - 3. Let z(i) = 5*g(i) + 2*y(i). What is z(a)?
5
Let k(g) = 11*g + 3. Let j be 15/10*(-10)/(-3). Let m(q) = 6*q + 1. Let n(i) = j*m(i) - 2*k(i). Let d(o) = -9*o + 1. Let u(x) = 5*d(x) + 6*n(x). What is u(2)?
5
Let p be (0 + 2/(-4))*-4. Let m(k) = 244 - 244 - 4*k. Give m(p).
-8
Let m = -1 - 2. Let r(k) = -k - 2. What is r(m)?
1
Let t(z) = 0*z**2 - 3*z + 5*z - 13 + 5*z**2 + 6 + z**3. Give t(-5).
-17
Let k(s) = -s**3 + 5*s**2 + 4*s. Let n = 19 - 13. What is k(n)?
-12
Let i(m) = 4*m - 1. Let t be ((-5)/3)/((-5)/15). Suppose -1 + 2 = -t*z + 3*b, -5*z + 2*b + 1 = 0. Determine i(z).
3
Let m(y) = -2*y + 15. Let w(u) be the second derivative of -u**3/6 + 7*u**2/2 - 3*u. Let j(h) = 4*m(h) - 9*w(h). Determine j(-4).
-7
Let n(l) = -5*l - 23. Let h(q) = -q - 6. Let b(x) = 9*h(x) - 2*n(x). Determine b(8).
0
Let w(f) = f**3 + 4*f**2 - 5*f + 4. Let b(c) = -2*c**2 + 2*c + 7. Let r be b(3). What is w(r)?
4
Let q(c) be the first derivative of -c**4/4 - 8*c**3/3 - 3*c**2 - 2. Let h be q(-7). Let z(a) = a**2 + 6*a - 1. What is z(h)?
6
Let b be ((-20)/8)/((-2)/4). Suppose -b = 2*o - 4*s + 13, 0 = -o + 5*s - 18. Let g(a) = a**2 + 3*a - 4. Determine g(o).
-4
Let t(p) = -4*p + 5*p + 7 - 1. Let b(i) = -i**3 - 1. Let r be b(2). Let z = r + 9. Give t(z).
6
Let a(m) be the second derivative of -2*m + 0 + 1/6*m**3 - 2*m**2. Let z be (-2 - -4)*(-5)/(-2). Determine a(z).
1
Let w(r) be the second derivative of r**5/5 - r**4/6 - r**3/3 - r**2/2 + 9*r. Calculate w(-1).
-5
Let j(q) be the first derivative of q**5/60 - q**4/8 + q**3/6 + q**2 + 3. Let w(b) be the second derivative of j(b). Calculate w(3).
1
Let a(r) = r - 15. Let x(k) = k - 17. Let u(h) = 7*a(h) - 6*x(h). Let c(j) = j**3 - 2*j - 1. Let i = -2 + 4. Let b be c(i). Determine u(b).
0
Let n(a) be the first derivative of -3 + 1/2*a**2 - 2*a. Calculate n(2).
0
Let x(p) be the third derivative of 0 - 4*p**2 + 1/60*p**5 + 0*p + 7/6*p**3 + 1/3*p**4. Give x(-6).
-5
Let x(o) be the third derivative of -o**5/60 + 7*o**4/24 - o**3 - 7*o**2. Calculate x(6).
0
Suppose 0 = -5*l - 20. Let j(f) = -7*f - 4. Let h(g) = -20*g - 11. Let n(d) = -6*h(d) + 17*j(d). What is n(l)?
-6
Let o(g) = g**2 + 12*g + 14. Let c = -115 + 105. Calculate o(c).
-6
Let u(b) = -b**2 - 3*b - 5 - 3*b + 0*b**2 + 0*b**2. Calculate u(-4).
3
Let g(i) = -2*i**3 + 5*i**2 + i + 5. Suppose 2*h + 9 = -f, 14 = -2*f - 5*h - 6. Let j(m) = m**2 + 1. Let t(u) = f*j(u) + g(u). Determine t(-1).
1
Let t(a) = 2*a + 1. Suppose 0 = 5*n - 5*b, 3*n + b + 4 = 2*n. Let o = n + 2. Suppose 0 = m - o*m + 5. Calculate t(m).
-9
Let x(v) be the second derivative of v**4/6 - v**2/2 + 4*v. What is x(-3)?
17
Let a(z) = -48 + 21 + 22 - z. Let l be 4/6 - (-20)/6. Suppose -l*t = -t. Calculate a(t).
-5
Suppose -2*w + 5*w - 18 = 0. Let n(i) = i**3 - 5*i**2 - 6*i - 1. Determine n(w).
-1
Let s(k) be the second derivative of -k**4/12 + k**3/2 + k**2/2 + 2*k. Let o(v) = -v**2 + 7*v - 4. Let r be o(6). Suppose 7*h = 6*h + r. Calculate s(h).
3
Let v(d) = 6*d + 1 - d**2 + 2*d**2 + 0*d**2. Suppose -21 = -5*p - 3*b, -4 = -4*b + 4. Let t = -1 - p. Determine v(t).
-7
Let z(a) be the third derivative of -a**5/12 - a**3/6 + a**2. Let m be 3 + (-5 - 2 - -2) + 3. What is z(m)?
-6
Suppose -7 = -43*h + 42*h. Let q(y) = y**2 - 5*y - 9. Determine q(h).
5
Let v(d) = 0 + 1 - 1 + 7*d. Give v(-1).
-7
Suppose 2*k + 5*o - 3 + 8 = 0, 2*o + 2 = -2*k. Suppose f = 5 - k. Let r(t) = -4*t**2 - 6 - 2*t + 5*t**2 - 2*t. What is r(f)?
-1
Let n(c) = -4*c**2 + 10*c - 7. Let f(z) = -5*z**2 + 11*z - 7. Let t(a) = -3*f(a) + 4*n(a). Let u be t(5). Let l(j) = -4 + 2 + u*j + 2 - j**2. Calculate l(3).
0
Let i(d) = d**2 + d + 1. Let q(u) = -2*u**2 - u - 1. Let j(p) = 5*i(p) + 3*q(p). Let g(f) = f - 6. Let b be g(4). Calculate j(b).
-6
Let i be -2 + 3/(6/8). Let w(b) = b - 2. Let q be w(5). Let f(v) = -v**3 + 0 + q + 0 - 4 + v**2. What is f(i)?
-5
Let l(p) = 7*p - 1. Let w be -7 + 2*(-1)/(-2). Let x = 4 + w. Let k be ((-6)/(-18))/(x/6). Calculate l(k).
-8
Let j(m) = 3*m**3 + 9*m**2 - 35*m + 5. Let v(o) be the first derivative of -o**4/4 - o**3 + 6*o**2 - 2*o + 1. Let u(w) = 6*j(w) + 17*v(w). What is u(-4)?
4
Let q be 7/2 + 2/4. Let j(b) be the third derivative of 0 - 1/24*b**4 - 2/3*b**3 + 0*b - 6*b**2. Give j(q).
-8
Let h(x) = 3*x**2 - 11*x + 8. Let b(n) = -n**2 + 5*n - 4. Suppose -4*p - 20 = -3*m, 5*m - 32 + 12 = 0. Let g(s) = p*h(s) - 5*b(s). Give g(-5).
-6
Let u(b) be the third derivative of b**8/20160 - b**7/630 + b**6/720 - b**5/20 - 7*b**2. Let v(y) be the third derivative of u(y). Give v(8).
1
Let i(x) be the first derivative of -x**2/2 + 2*x + 28. Suppose 0 = -3*o - 2*d + 5, 7 = 5*o - 3*o + 5*d. What is i(o)?
1
Suppose 3*n = -12, 0*n - 5*n - 15 = 5*u. Let o = 4 - u. Let q(m) = -o + m - m**2 + 4 + 3*m. What is q(3)?
4
Suppose 0*y + 2*y = 14. Let f(l) = y*l - 2*l - l. Let h = -2 - -4. Calculate f(h).
8
Let g be (-1)/3*(-45)/3. Let k(o) be the second derivative of o**4/12 - o**3 + 2*o**2 - o. Give k(g).
-1
Let k(f) be the third derivative of f**4/4 + 34*f**2. Calculate k(2).
12
Let y(z) be the third derivative of -z**6/120 - z**5/15 - z**4/6 - z**3/3 + 2*z**2. Suppose 8 - 2 = -3*s. Give y(s).
-2
Let l(f) = f**3 - 4*f**2 - 1. Suppose 2*s - 5*h = -2*s + 11, 3 = 2*s - 5*h. Let k be l(s). Let b(m) = -2*m**3 + m**2. Give b(k).
3
Let t be 74/8 + 2/(-8). Suppose 9 = -z - 4*c, -4*c + 15 = -t*c. Let d be (-4)/16 + z/(-4). Let s(v) = -3*v**3 - v**2 + v + 1. Determine s(d).
2
Let c(z) = z**2 + 4*z + 3. Suppose 2*q - 3*q = -6. Suppose -n = n + q. Calculate c(n).
0
Let j be (-2)/(1*(-3)/6). Let y(s) = -3*s. Let r(t) = 1. Let q(l) = -4*r(l) - y(l). Give q(j).
8
Let h(j) be the third derivative of 0*j - 1/24*j**4 + j**2 + 0 - 1/3*j**3. Give h(-5).
3
Let u(d) = -d**2 + 5*d + 6. Let l be (-1)/(42/15 - 3). Calculate u(l).
6
Let j(r) = -r**3 - 7*r**2 - 7*r - 4. Let k(w) = -w**2 + 10*w + 1. Let p be k(6). Suppose -7 = -3*b - p. Determine j(b).
2
Let x(i) = i**2 - 4*i + 6. Let b be 12/(-8)*52/(-6). Let a = -9 + b. Calculate x(a).
6
Let r(f) = f**2 - 7*f + 8. Let t be r(6). Suppose -4*j - t*u + 15 = -3*u, 5*u + 12 = -j. Let k(c) = j*c + 5 + c**3 - 3*c - 6*c**2 + 6*c. Calculate k(5).
10
Let t be (2*1/(-4))/(92/552). Let s(n) = -n + 7. Let i be s(4). Let h(x) = x + 0*x + 0 + x**2 - i. What is h(t)?
3
Let n(u) = -4*u. Let d(l) = l**3 + 5*l**2 + l + 5. Let r be d(-5). Suppose 2 + r = -b - h, h = -5. Let y = b - 2. Calculate n(y).
-4
Let i be 14/(-63) + (-16)/9. Let c(o) = o**2 + 4*o + 3. Calculate c(i).
-1
Let o(u) = 2*u - 2*u - 1 + 3*u**2 - 2*u. Suppose -4*n - 2 = 2. Calculate o(n).
4
Suppose -4*i - 14 = 10. Let g(k) = -k**3 - 6*k**2 - 3. Determine g(i).
-3
Suppose 0 = 3*z - 6 - 18. Let j = 11 - z. Let f(v) = 3*v - 4. Let m be f(j). Let r(t) = -3*t + 6. Determine r(m).
-9
Suppose -5*y + 3*y - 14 = -2*w, 4*y = -4*w + 28. Let n be (-2 + w)/1 + -2. Let t(b) = -4*b**2 + n*b + b**3 + 3 - 4 + 2. Give t(3).
1
Suppose -b + 0*b + 10 = 0. Let h(w) = -w + 9 - b + w + 5*w**2. Determine h(-1).
4
Suppose 5*f - 2 = 4*v, -3*f - f + 6 = -v. Let x(i) = -3*i**2 - i**2 - i + 1 - 2. Let z(p) = 17*p**2 + 5*p + 5. Let y(h) = -9*x(h) - 2*z(h). Calculate y(f).
5
Let b = 6 + -4. Let h = 6 - b